(-2 + (7 - 2))) + 4.
2
8 + (-4 - -2) + 2 + -3
5
What is the value of -18 - -13 - (-14 + (9 - 5))?
5
Calculate (12 - 6) + -12 + 2 - -12.
8
What is 2 - (-4 + 7) - -4?
3
What is -7 + -7 + 6 + -6 + 11?
-3
-14 + -9 + 23 + -6
-6
Calculate -3 + (-4 + 9 - -3).
5
Calculate (-3 - -2 - 2 - -5) + -2.
0
What is the value of 8 + -7 + 1 + 1?
3
Calculate (8 - (7 + 2)) + 4 + 1.
4
Calculate (-6 - -15) + -12 + 5 + 4.
6
What is the value of (-36 - -43) + (-1 - -1) + 1?
8
What is the value of -1 - (-2 - 3 - (5 + -4))?
5
0 + 2 + -2 + (0 - -2)
2
What is -5 - -2 - (5 - 5)?
-3
What is the value of 1 - -1 - (-8 - -5)?
5
What is (8 - 2 - 9) + (0 - -4)?
1
What is 4 - (1 + 9 + -4) - -3?
1
Calculate -4 - ((-3 - -11) + (0 - 3)).
-9
Evaluate (-2 - -6) + -3 + -14 + 5.
-8
What is -3 + (4 - 4) - -6?
3
Evaluate -8 + (9 - 1) + (-15 - -9).
-6
What is the value of 2 + (8 + -4 - 8 - 2)?
-4
What is the value of 2 + -2 + -1 + 1 - 2?
-2
Calculate -3 + -3 + (-7 - -17).
4
Calculate 2 + (-6 - (-9 + 2)).
3
Evaluate (-10 - -18) + -13 - 1.
-6
What is -5 - (0 + 0 - (2 - 3))?
-6
Calculate 4 + (9 - 6) + -10.
-3
What is 3 + (-3 - 1) + 2 + -4?
-3
15 - 15 - (3 + 1 + 1)
-5
What is the value of 3 + -8 + 3 + 8 + 0?
6
Calculate 7 + 0 + (-18 - -14).
3
What is the value of 0 + 3 - (13 + -7)?
-3
-4 - (-4 + 2 + (-2 - -5))
-5
9 + (-13 - -2) - -6
4
Evaluate -126 + 123 - (0 - 0).
-3
3 + 0 + -5 - (0 - 5)
3
(2 - 1) + (-4 - -2) + 3
2
Calculate 3 + -2 + 2 - (0 + 0).
3
Calculate 2 - (6 + -3 + -1).
0
What is -5 + 0 + 26 + -20?
1
What is 2 + (0 - (7 - 5))?
0
-3 + (11 - (2 + 3))
3
Evaluate -3 - (-2 - -5 - 13 - -6).
1
Calculate 8 + -3 + -3 - 4 - -3.
1
14 + -8 - (5 - -5)
-4
2 + (0 - (-1 + 3)) + -2
-2
Evaluate -3 - ((-2 - (3 - 2)) + 2).
-2
Calculate -1 + 2 + 4 - (-23 - -25).
3
What is the value of -25 + 21 - (-3 - -1)?
-2
What is (-5 - 0) + (11 - 10) + 1?
-3
((5 - -1) + -2 - 4) + -2
-2
What is the value of -6 + (7 - (3 + 0) - 3)?
-5
What is the value of 10 - (1 + 0 + -3 + 5)?
7
What is (-15 - (-10 + 3)) + 4?
-4
6 + (-4 - (-4 - -4))
2
What is -1 + -1 + 2 - 4?
-4
-5 + -3 + (9 - 2)
-1
What is the value of -7 + (8 - 8) + (4 - 1)?
-4
Calculate -1 + (2 - 3) + (2 - -2).
2
What is -36 + 42 - (0 - 0)?
6
What is -8 - (-8 + (19 - 8))?
-11
8 + -1 + -8 + -2
-3
Evaluate (2 - 2) + 10 + -7.
3
Evaluate (1 - -2) + (0 - 5) + 3.
1
What is 2 + 1 + -6 + (12 - 10)?
-1
-8 + 9 + -5 + 1
-3
Calculate (0 + 8 - 5 - 6) + 5.
2
What is -1 - 6 - (-6 + 4)?
-5
4 + -2 - (-4 + 4 + 3)
-1
4 - (10 - (8 - 0))
2
Evaluate 6 - -1 - (6 + -5) - 1.
5
Calculate 1 + 6 - (-2 - -4).
5
-2 + 0 - (13 - 7 - 0)
-8
(-2 - -7 - 3) + -2 + -5
-5
(1 - 11) + 9 + -5 + 3
-3
What is -4 + 6 + -9 + 10?
3
What is (0 - 2) + 7 + -19 + 11?
-3
What is 9 + 0 + -6 + -8?
-5
Evaluate 7 + (-5 + 6 - 5).
3
Calculate 0 - (1 + 6 + (5 - 8)).
-4
Calculate -34 + 30 + (6 - 1) - 3.
-2
-1 + (4 - 0) + 2 + -3
2
What is -2 + (3 + 1 - 4)?
-2
Calculate (-2 - (-3 - 0)) + (-17 - -15).
-1
Evaluate 0 - (7 - (5 - -5 - 2)).
1
Evaluate -1 - -1 - (5 + 0 - 4).
-1
-5 - 0 - (172 - 178)
1
What is -16 - -1 - (176 - 184)?
-7
What is (-3 - -9) + (-3 - -2)?
5
-3 + (3 - 4) + 8 + -3
1
What is -2 - (1 - (3 - -4)) - 3?
1
Calculate (3 - -1) + (6 - 7) + -5.
-2
Evaluate -5 - (-15 - (7 - 9)).
8
What is -11 + 10 + -10 + 21?
10
Evaluate 6 + (0 - ((0 - -1) + 1)).
4
Calculate -6 + (-2 - (-3 + -4)) + 2.
1
What is -4 + -1 + 5 + -1 + 3?
2
Calculate (12 - 12) + 3 + 4.
7
What is -10 + 8 + 11 + -4?
5
Calculate 2 + (-16 - -3 - -2).
-9
Evaluate -1 + (6 - (-5 - -13)).
-3
7 - ((-1 - -4) + -6 + 6)
4
What is the value of -2 + 1 + 4 + (-3 - 3)?
-3
Evaluate 0 + 2 + (-1 - (-1 - -4)).
-2
Evaluate 5 - 3 - -2 - (2 + -2).
4
What is the value of 0 + (1 - 3) - (16 + -12)?
-6
10 - (15 + -7) - 5
-3
What is -1 + 5 + -1 - (-2 + 1)?
4
Calculate -6 - (1 + -1 + 1 + -2).
-5
What is the value of 9 + -2 + (11 - 17)?
1
What is (1 + -2 - -1) + 5?
5
(-3 - (5 + -3)) + 5
0
Calculate 15 + -13 - (0 + -2 + 2).
2
Evaluate (-1 - -2) + (-1 - 4).
-4
What is -1 + (8 - 2 - 2) + -5?
-2
Calculate -9 + 4 + 7 + -4.
-2
Calculate (-6 - (-7 + 3)) + 2 + 5.
5
Calculate 2 + -5 + (-1 - -7) + -1.
2
Calculate -21 - -22 - (3 - (-1 - 0)).
-3
3 + -3 + (-4 - 0)
-4
Evaluate 8 + (-4 - 4) + -5 + 0.
-5
Evaluate -5 - (-6 - -9 - 8).
0
What is the value of 4 - (11 - (1 + 3))?
-3
Evaluate (0 - (0 - -4) - -3) + -3.
-4
(-6 + 5 - 1) + -3
-5
-3 + 4 + -4 - (-4 + 1)
0
What is 8 - (-5 + 8 + -7 + 2)?
10
What is the value of -4 + -2 - -2 - -3?
-1
Calculate (2 - 6 - -3) + 3.
2
Calculate -2 - (-2 + -5 + 5).
0
-1 - -2 - (-14 + 8)
7
Calculate 6 - 2 - (-49 - -52).
1
Calculate 1 + 2 + (-85 - -85).
3
What is -2 + 2 + 4 + -5 - 0?
-1
Calculate 4 - (-2 + 2 - (-11 + 7)).
0
What is (0 - (-5 - -1)) + 2 + -6?
0
Calculate 4 - (-3 + 11) - -9.
5
Evaluate 3 - 4 - -3 - (-1 - -1).
2
What is 3 + (-9 - (0 - -2))?
-8
(1 - (0 + 3) - -4) + 2
4
What is (-5 + -2 - (11 + -5)) + 6?
-7
What is the value of 5 + -2 + (11 - 14)?
0
What is the value of 7 - 5 - (6 - 0)?
-4
Evaluate -6 - ((0 - -5) + -9 + 1).
-3
Evaluate (-1 - (-5 - 0)) + -2.
2
3 + -2 + 6 + -7
0
Calculate -3 + (7 - -5) + -5.
4
Evaluate (-1 - 3) + 2 - (-4 - 0).
2
Calculate (13 - 20) + 3 + 0.
-4
Calculate -4 + (5 - 2) - 1.
-2
What is the value of (-8 - -12) + 4 - 11?
-3
What is -5 + (2 - -3 - (6 - 1))?
-5
What is the value of -3 + (14 - (5 - -4))?
2
What is 13 + (-5 - -4) + -15?
-3
What is the value of 7 + (4 - 8 - -1)?
4
Evaluate 11 + (-4 - (3 + -1)).
5
-2 + (-7 - (3 + -10))
-2
What is the value of 1 - 2 - (0 + 3)?
-4
What is the value of 10 - (6 - 4) - (13 - 7)?
2
Evaluate -10 + 2 + (-4 - -9).
-3
What is the value of -4 - (0 - 1) - 0?
-3
What is the value of -2 - -7 - (-1 + 2 + -5)?
9
What is the value of (-9 + 9 - (-4 - -1)) + -3?
0
What is -7 - (-4 - (-3 - -4)) - -4?
2
Calculate 4 - (-3 + 2 + 2).
3
Calculate -3 - 6 - -5 - (-7 + -1).
4
(6 - 8) + 3 + -3
-2
-13 + 1 - (7 - 16)
-3
Evaluate 1 + 3 + -2 - (0 - -2).
0
Evaluate -3 + -1 - (2 - 1).
-5
Calculate 8 + -5 + -7 - -7.
3
Calculate (-2 - -2) + -1 - (19 - 20).
0
Evaluate -6 + (2 - (0 - (-5 - -3))).
-6
Evaluate 2 - 8 - (1 + -2) - -11.
6
-11 + -1 + 5 + 1
-6
What is 0 - -6 - (-12 - -9)?
9
Evaluate 6 + 5 + -1 + -12.
-2
Evaluate (6 - 0) + -1 + -3.
2
What is the value of (7 - 3) + -4 - (1 + -4)?
3
What is the value of 8 - (4 - (3 + (5 - 9)))?
3
What is (3 - (-5 - -12)) + 4?
0
What is the value of -6 + (11 - (11 - 5) - -1)?
0
8 + -1 - -12 - 11
8
What is -6 - ((-11 - -2) + 6)?
-3
What is 8 - (15 + (-17 - -8))?
2
What is the value of 9 + -9 - (2 + -5)?
3
What is the value of -3 - (7 + -9 + 0)?
-1
Calculate -2 + 5 + -2 + 2 + -5.
-2
What is 0 + (-3 - (-3 + 4 - 7))?
3
Evaluate (-6 - (7 - (7 - 1))) + -2.
-9
What is the value of 0 - (-4 - (-4 + 4))?
4
Calculate -19 - -21 - (0 - 4) - -1.
7
15 - 7 - (12 + -3 + -2)
1
-6 + (-4 - (-6 - -12 - 6))
-10
What is -7 + 6 - (2 + -1 - -1)?
-3
What is the value of 2 + (4 - 2) + -6 + 3?
1
What is the value of (-3 - (3 + -2)) + 9?
5
Evaluate 2 - ((-24 - -20) + (9 - 1)).
-2
2 - (-1 - (1 - 5) - 0)
-1
What is -4 - (-4 + (1 - 4))?
3
(-3 + -5 - (-20 - -8)) + 4
8
What is the value of 78 + -79 + -1 + -3?
-5
What is -1 - -3 - (0 + 2) - -1?
1
-7 + 10 + 0 + (2 - 0)
5
What is (1 - -14) + -132 + 122?
5
58 + -61 - (1 + (-2 - 1))
-1
What is the value of -11 - (11 + (-3 - 13))?
-6
1 + -6 - (-3 - 0)
-2
What is -8 + 3 + -2 - (0 - -1)?
-8
Calculate -10 + 7 - (0 + 0 + -1).
-2
What is the value of (5 - -1) + (3 - (-4 - -20))?
-7
Evaluate -11 + 17 + -2 + 5.
9
Evaluate -9 + 6 + (2 - -2).
1
Calculate 17 + -15 + (-1 - 3).
-2
What is the value of (-1 - 0) + (5 - (-2 - -4))?
2
What is -4 - (2 - (-1 + 8))?
1
What is the value of -9 - (-7 - (-1 + 1))?
-2
Calculate 3 + 3 - -4 - 4 - 4.
2
4 + -1 + (-2 - 0)
1
What is 0 - (0 + 2) - (16 + -20)?
2
22 + (-4 - 1) - (-2 - -10)
9
Calculate -6 - (-11 + 0) - -3.
8
What is 7 - 8 - (4 - -1)?
-6
What is -3 - (2 - (6 - (-4 - -7)))?
-2
Calculate (-1 - 3) + -3 + 8 - 1.
0
15 + -4 - 13 - -5
3
What is 2 - -8 - (50 + -34)?
-6
9 - (0 - (2 - 3 - 3))
5
Evaluate -1 - -10 - (3 - (-6 + 4)).
4
Calculate 3 - (5 - 2) - 5.
-5
What is the value of -10 + 8 - (-1 - -1)?
-2
Evaluate -22 + 26 - (-1 - -10).
-5
What is 1 + (5 - 1) + -5?
0
Evaluate -1 + 10 - (-108 + 117).
0
Calculate 5 - 3 - (17 - 12).
-3
What is -1 - (5 - 2) - (-4 - 1)?
1
Calculate 11 + (6 + -4 - 11).
2
What is the value of -3 + (10 - 4) + -12?
-9
2 + -3 - -11 -